True
Is 107 a factor of 96942?
True
Does 106 divide 151580?
True
Is 5003823 a multiple of 33?
True
Does 742 divide 8688699?
False
Is 3 a factor of 20196?
True
Is 281 a factor of 751956?
True
Does 69 divide 262545?
True
Is 7 a factor of 8569?
False
Does 39 divide 1946722?
False
Is 4599140 a multiple of 2470?
True
Is 480746 a multiple of 46?
True
Is 2134634 a multiple of 112?
False
Is 162494 a multiple of 19?
False
Is 6 a factor of 248464?
False
Does 278 divide 1367035?
False
Is 103 a factor of 313738?
True
Is 22 a factor of 2866505?
False
Does 157 divide 498946?
True
Is 15 a factor of 79533?
False
Is 678647 a multiple of 154?
False
Does 89 divide 38193?
False
Is 61 a factor of 422425?
True
Is 3712951 a multiple of 11?
True
Is 12 a factor of 79296?
True
Is 59 a factor of 1258836?
False
Is 966654 a multiple of 78?
True
Does 92 divide 113513?
False
Is 123792 a multiple of 24?
True
Is 23 a factor of 4710?
False
Does 321 divide 1074387?
True
Is 722947 a multiple of 80?
False
Is 9655492 a multiple of 44?
True
Is 102 a factor of 17932948?
False
Is 287402 a multiple of 158?
True
Is 4588020 a multiple of 60?
True
Is 726 a factor of 3391872?
True
Is 1293130 a multiple of 427?
False
Is 24 a factor of 1643345?
False
Does 66 divide 188618?
False
Does 60 divide 91137?
False
Is 324 a factor of 3217254?
False
Is 3029909 a multiple of 13?
False
Is 1634266 a multiple of 2?
True
Is 9 a factor of 16326?
True
Is 1072675 a multiple of 454?
False
Is 209672 a multiple of 170?
False
Is 1966244 a multiple of 659?
False
Does 27 divide 524942?
False
Does 194 divide 2718166?
False
Does 817 divide 147060?
True
Is 1163649 a multiple of 13?
False
Is 206 a factor of 1456948?
False
Is 526701 a multiple of 21?
True
Is 22 a factor of 291958?
False
Does 5 divide 3428?
False
Is 7119898 a multiple of 22?
False
Is 242314 a multiple of 12?
False
Does 64 divide 1542447?
False
Is 96791 a multiple of 171?
False
Does 47 divide 5465?
False
Does 89 divide 1625585?
True
Is 383 a factor of 3254734?
True
Is 18 a factor of 3288626?
False
Is 1067 a factor of 5694283?
False
Is 503 a factor of 389322?
True
Is 581020 a multiple of 22?
True
Is 17043 a multiple of 69?
True
Does 104 divide 1746587?
False
Is 9 a factor of 42183?
True
Is 59403 a multiple of 7?
False
Is 45 a factor of 113445?
True
Is 7719652 a multiple of 383?
False
Is 130325 a multiple of 65?
True
Is 318 a factor of 4826683?
False
Is 265 a factor of 1197270?
True
Is 60 a factor of 651727?
False
Does 9 divide 30705?
False
Does 142 divide 39618?
True
Is 94 a factor of 27228?
False
Does 6 divide 147229?
False
Is 31 a factor of 1567198?
False
Does 37 divide 403013?
False
Is 4401035 a multiple of 1249?
False
Does 6 divide 6450264?
True
Is 4478640 a multiple of 221?
False
Does 119 divide 92398?
False
Is 320 a factor of 489202?
False
Does 102 divide 8025462?
True
Does 145 divide 17329095?
True
Is 170544 a multiple of 19?
True
Does 14 divide 116840?
False
Does 8 divide 813693?
False
Is 50730 a multiple of 534?
True
Is 473 a factor of 806465?
True
Is 384783 a multiple of 251?
True
Is 49 a factor of 202572?
False
Does 43 divide 191656?
False
Does 118 divide 4210443?
False
Is 221 a factor of 3561857?
True
Does 35 divide 2168642?
False
Is 64 a factor of 24268?
False
Does 54 divide 1828170?
True
Is 23 a factor of 14329?
True
Does 112 divide 8162735?
False
Does 30 divide 1442614?
False
Does 627 divide 783340?
False
Does 8 divide 9376795?
False
Is 6390404 a multiple of 336?
False
Is 32 a factor of 664209?
False
Is 35 a factor of 2555?
True
Does 377 divide 1741363?
True
Is 24780 a multiple of 20?
True
Is 122 a factor of 179708?
False
Does 25 divide 47400?
True
Does 22 divide 9075948?
False
Is 37 a factor of 1756479?
False
Is 501075 a multiple of 75?
True
Is 288829 a multiple of 4?
False
Is 511 a factor of 506204?
False
Is 393984 a multiple of 18?
True
Does 8 divide 47412?
False
Is 2647363 a multiple of 381?
False
Does 204 divide 1599612?
False
Does 1070 divide 338120?
True
Is 166 a factor of 174134?
True
Does 138 divide 546204?
True
Is 143790 a multiple of 33?
False
Does 146 divide 575295?
False
Is 119 a factor of 4281382?
True
Does 30 divide 10365016?
False
Does 9 divide 15417?
True
Is 1030041 a multiple of 26?
False
Does 112 divide 976304?
True
Is 2501996 a multiple of 3?
False
Is 2270691 a multiple of 3?
True
Does 32 divide 140052?
False
Does 33 divide 2024187?
True
Is 133 a factor of 399399?
True
Does 207 divide 3724?
False
Does 4 divide 407511?
False
Is 4158847 a multiple of 77?
True
Does 32 divide 8297919?
False
Is 2 a factor of 205925?
False
Does 70 divide 867763?
False
Is 41 a factor of 35793?
True
Does 88 divide 1066296?
True
Is 96441 a multiple of 51?
True
Does 644 divide 9672513?
False
Is 152760 a multiple of 24?
True
Does 11 divide 1709840?
True
Does 28 divide 22133?
False
Is 52706 a multiple of 146?
True
Is 13 a factor of 11554538?
False
Is 46 a factor of 5296486?
True
Is 9 a factor of 10720209?
False
Is 25 a factor of 184054?
False
Is 141 a factor of 226728?
True
Does 37 divide 849113?
True
Is 431288 a multiple of 104?
True
Does 25 divide 227925?
True
Does 26 divide 52883?
False
Is 479964 a multiple of 148?
True
Is 1066 a factor of 1559484?
False
Does 3 divide 33829?
False
Is 36 a factor of 396357?
False
Is 3454795 a multiple of 719?
True
Is 21 a factor of 134472?
False
Is 19656 a multiple of 9?
True
Is 32 a factor of 258400?
True
Is 4702277 a multiple of 98?
False
Is 57538 a multiple of 4?
False
Is 1500750 a multiple of 9?
True
Is 1487 a factor of 2252805?
True
Is 23 a factor of 10478754?
True
Is 4 a factor of 25356?
True
Does 15 divide 11841435?
True
Is 1913320 a multiple of 248?
True
Is 25516 a multiple of 414?
False
Is 17 a factor of 82890?
False
Does 158 divide 3263208?
False
Is 209572 a multiple of 16?
False
Is 7 a factor of 25938?
False
Is 11631216 a multiple of 113?
False
Is 42770 a multiple of 7?
True
Is 3872728 a multiple of 18?
False
Does 4 divide 396123?
False
Does 33 divide 55576?
False
Is 21 a factor of 2805810?
True
Is 7 a factor of 175749?
True
Is 2491280 a multiple of 110?
True
Does 26 divide 182575?
False
Does 141 divide 2209752?
True
Is 1937980 a multiple of 3?
False
Does 343 divide 429436?
True
Is 1749660 a multiple of 1446?
True
Is 25 a factor of 153625?
True
Does 60 divide 26367895?
False
Is 4031156 a multiple of 15?
False
Is 789101 a multiple of 38?
False
Does 274 divide 4899394?
True
Is 41 a factor of 8118?
True
Does 15 divide 156225?
True
Is 40 a factor of 56560?
True
Is 63 a factor of 6999330?
False
Is 198301 a multiple of 300?
False
Is 397467 a multiple of 7?
True
Is 49164 a multiple of 3?
True
Does 3 divide 1326447?
True
Is 420312 a multiple of 4?
True
Does 15 divide 120555?
True
Does 13 divide 176311?
False
Is 28672 a multiple of 7?
True
Does 33 divide 75504?
True
Is 480455 a multiple of 6?
False
Is 1748316 a multiple of 178?
True
Does 7 divide 2643312?
True
Is 108445 a multiple of 41?
True
Is 66 a factor of 56198?
False
Does 95 divide 94905?
True
Does 209 divide 1389346?
False
Is 25224345 a multiple of 135?
True
Is 682 a factor of 4590542?
True
Is 12360411 a multiple of 52?
False
Is 50 a factor of 112802?
False
Does 33 divide 74844?
True
Is 8 a factor of 223112?
True
Is 39 a factor of 206484?
False
Is 97 a factor of 9868101?
True
Is 529862 a multiple of 59?
False
Is 1301 a factor of 6085284?
False
Is 396244 a multiple of 4?
True
Does 5 divide 42970?
True
Is 1171485 a multiple of 7?
True
Does 153 divide 31166712?
True
Does 12 divide 22842?
False
Is 115 a factor of 1631588?
False
Does 2 divide 541206?
True
Is 19 a factor of 6044127?
False
Is 19 a factor of 56639?
True
Is 11634854 a multiple of 2107?
True
Does 2 divide 501301?
False
Is 72 a factor of 3024792?
True
Does 234 divide 14508?
True
Does 9 divide 218055?
False
Is 20 a factor of 5306752?
False
Does 75 divide 7807425?
True
Is 9909996 a multiple of 29?
True
Does 2 divide 289367?
False
Is 122237 a multiple of 237?
False
Is 1343571 a multiple of 12?
False
Does 492 divide 979955?
False
Is 1587449 a multiple of 73?
False
Is 235 a factor of 271895?
True
Is 198 a factor of 127116?
True
Is 11 a factor of 132627?
True
Is 28 a factor of 5447150?
False
Is 3363572 a multiple of 388?
True
Is 1005 a factor of 3499410?
True
Is 646397 a multiple of 32?
False
Does 16